{"id":127,"date":"2023-03-02T22:15:55","date_gmt":"2023-03-02T21:15:55","guid":{"rendered":"https:\/\/www.mobilimariani.com\/?page_id=127"},"modified":"2025-08-26T12:27:32","modified_gmt":"2025-08-26T10:27:32","slug":"contacts","status":"publish","type":"page","link":"https:\/\/www.mobilimariani.com\/fr\/contacts\/","title":{"rendered":"Contacts"},"content":{"rendered":"<h3 class=\"title-bg\"><span style=\"color: #ff0000;\">Infos et estimations<\/span><i class=\"fa fa-map-marker\"><\/i><\/h3>\n<ul class=\"contact-info\">\n<li><i class=\"fa fa-map-marker\"><\/i>MARIANI ABITARE OGGI | c.so Massimo D&#8217;Azeglio, 74 &#8211; IVREA<\/li>\n<li><i class=\"fa fa-phone\"><\/i>+39 340 785 7255<\/li>\n<li><i class=\"fa fa-envelope\"><\/i><a href=\"mailto:richieste@mobilimariani.it\">richieste@mobilimariani.it<\/a><\/li>\n<li><i class=\"fa fa-globe\"><\/i><a href=\"https:\/\/www.mobilimariani.com\">www.mobilimariani.it<\/a><\/li>\n<\/ul>\n<p>&nbsp;<\/p>\n<h3 class=\"title-bg\">HEURES D&#8217;OUVERTURE<\/h3>\n<p><strong class=\"bianco\">Du mardi au samedi:<\/strong><\/p>\n<p>&nbsp;<\/p>\n<p>09.00 &#8211; 12.30 \/ 15.00 &#8211; 19.00<\/p>\n<p>Appr\u00e9cier si vous anticiper le temps de votre visite au +39 340 785 7255 \u00e0 avoir la meilleure r\u00e9ception<\/p>\n<p><strong class=\"bianco\">Ferm\u00e9:\u00a0<\/strong> Dimanche et lundi<\/p>\n<p>&nbsp;<\/p>\n","protected":false},"excerpt":{"rendered":"Infos et estimations MARIANI ABITARE OGGI | c.so Massimo D&#8217;Azeglio, 74 &#8211; IVREA +39 340 785 7255 richieste@mobilimariani.it www.mobilimariani.it &nbsp; HEURES D&#8217;OUVERTURE Du mardi au samedi: &nbsp; 09.00 &#8211; 12.30 \/ 15.00 &#8211; 19.00 Appr\u00e9cier si vous anticiper le temps de votre visite au +39 340 785 7255 \u00e0 avoir la meilleure r\u00e9ception Ferm\u00e9:\u00a0 Dimanche&#8230; <a class=\"view-article\" href=\"https:\/\/www.mobilimariani.com\/fr\/contacts\/\">Voir l&#8217;article<\/a>","protected":false},"author":1,"featured_media":0,"parent":0,"menu_order":0,"comment_status":"closed","ping_status":"closed","template":"contatti.php","meta":[],"yoast_head":"<!-- This site is optimized with the Yoast SEO plugin v16.2 - https:\/\/yoast.com\/wordpress\/plugins\/seo\/ -->\n<meta name=\"description\" content=\"Infos et estimations MARIANI ABITARE OGGI | c.so Massimo D&#039;Azeglio, 74 - IVREA +39 340 785 7255 richieste@mobilimariani.it www.mobilimariani.it &nbsp;\" \/>\n<meta name=\"robots\" content=\"index, follow, max-snippet:-1, max-image-preview:large, max-video-preview:-1\" \/>\n<link rel=\"canonical\" href=\"https:\/\/www.mobilimariani.com\/fr\/contacts\/\" \/>\n<meta property=\"og:locale\" content=\"fr_FR\" \/>\n<meta property=\"og:type\" content=\"article\" \/>\n<meta property=\"og:title\" content=\"Contacts | Mobili Mariani\" \/>\n<meta property=\"og:description\" content=\"Infos et estimations MARIANI ABITARE OGGI | c.so Massimo D&#039;Azeglio, 74 - IVREA +39 340 785 7255 richieste@mobilimariani.it www.mobilimariani.it &nbsp;\" \/>\n<meta property=\"og:url\" content=\"https:\/\/www.mobilimariani.com\/fr\/contacts\/\" \/>\n<meta property=\"og:site_name\" content=\"Mobili Mariani\" \/>\n<meta property=\"article:modified_time\" content=\"2025-08-26T10:27:32+00:00\" \/>\n<meta name=\"twitter:label1\" content=\"Est. reading time\">\n\t<meta name=\"twitter:data1\" content=\"1 minute\">\n<script type=\"application\/ld+json\" class=\"yoast-schema-graph\">{\"@context\":\"https:\/\/schema.org\",\"@graph\":[{\"@type\":\"Organization\",\"@id\":\"https:\/\/www.mobilimariani.com\/#organization\",\"name\":\"Mobili Mariani\",\"url\":\"https:\/\/www.mobilimariani.com\/\",\"sameAs\":[],\"logo\":{\"@type\":\"ImageObject\",\"@id\":\"https:\/\/www.mobilimariani.com\/#logo\",\"inLanguage\":\"fr-CH\",\"url\":\"https:\/\/www.mobilimariani.com\/wp-content\/uploads\/2015\/12\/logo.png\",\"contentUrl\":\"https:\/\/www.mobilimariani.com\/wp-content\/uploads\/2015\/12\/logo.png\",\"width\":160,\"height\":110,\"caption\":\"Mobili Mariani\"},\"image\":{\"@id\":\"https:\/\/www.mobilimariani.com\/#logo\"}},{\"@type\":\"WebSite\",\"@id\":\"https:\/\/www.mobilimariani.com\/#website\",\"url\":\"https:\/\/www.mobilimariani.com\/\",\"name\":\"Mobili Mariani\",\"description\":\"Mobili Italia Svizzera\",\"publisher\":{\"@id\":\"https:\/\/www.mobilimariani.com\/#organization\"},\"potentialAction\":[{\"@type\":\"SearchAction\",\"target\":\"https:\/\/www.mobilimariani.com\/?s={search_term_string}\",\"query-input\":\"required name=search_term_string\"}],\"inLanguage\":\"fr-CH\"},{\"@type\":\"WebPage\",\"@id\":\"https:\/\/www.mobilimariani.com\/fr\/contacts\/#webpage\",\"url\":\"https:\/\/www.mobilimariani.com\/fr\/contacts\/\",\"name\":\"Contacts | Mobili Mariani\",\"isPartOf\":{\"@id\":\"https:\/\/www.mobilimariani.com\/#website\"},\"datePublished\":\"2023-03-02T21:15:55+00:00\",\"dateModified\":\"2025-08-26T10:27:32+00:00\",\"description\":\"Infos et estimations MARIANI ABITARE OGGI | c.so Massimo D'Azeglio, 74 - IVREA +39 340 785 7255 richieste@mobilimariani.it www.mobilimariani.it &nbsp;\",\"breadcrumb\":{\"@id\":\"https:\/\/www.mobilimariani.com\/fr\/contacts\/#breadcrumb\"},\"inLanguage\":\"fr-CH\",\"potentialAction\":[{\"@type\":\"ReadAction\",\"target\":[\"https:\/\/www.mobilimariani.com\/fr\/contacts\/\"]}]},{\"@type\":\"BreadcrumbList\",\"@id\":\"https:\/\/www.mobilimariani.com\/fr\/contacts\/#breadcrumb\",\"itemListElement\":[{\"@type\":\"ListItem\",\"position\":1,\"item\":{\"@type\":\"WebPage\",\"@id\":\"https:\/\/www.mobilimariani.com\/\",\"url\":\"https:\/\/www.mobilimariani.com\/\",\"name\":\"Home\"}},{\"@type\":\"ListItem\",\"position\":2,\"item\":{\"@id\":\"https:\/\/www.mobilimariani.com\/fr\/contacts\/#webpage\"}}]}]}<\/script>\n<!-- \/ Yoast SEO plugin. -->","_links":{"self":[{"href":"https:\/\/www.mobilimariani.com\/fr\/wp-json\/wp\/v2\/pages\/127"}],"collection":[{"href":"https:\/\/www.mobilimariani.com\/fr\/wp-json\/wp\/v2\/pages"}],"about":[{"href":"https:\/\/www.mobilimariani.com\/fr\/wp-json\/wp\/v2\/types\/page"}],"author":[{"embeddable":true,"href":"https:\/\/www.mobilimariani.com\/fr\/wp-json\/wp\/v2\/users\/1"}],"replies":[{"embeddable":true,"href":"https:\/\/www.mobilimariani.com\/fr\/wp-json\/wp\/v2\/comments?post=127"}],"version-history":[{"count":14,"href":"https:\/\/www.mobilimariani.com\/fr\/wp-json\/wp\/v2\/pages\/127\/revisions"}],"predecessor-version":[{"id":32752,"href":"https:\/\/www.mobilimariani.com\/fr\/wp-json\/wp\/v2\/pages\/127\/revisions\/32752"}],"wp:attachment":[{"href":"https:\/\/www.mobilimariani.com\/fr\/wp-json\/wp\/v2\/media?parent=127"}],"curies":[{"name":"wp","href":"https:\/\/api.w.org\/{rel}","templated":true}]}}

<h3 class="title-bg"><span style="color: #ff0000;">Infos et estimations</span><i class="fa fa-map-marker"></i></h3>
<ul class="contact-info">
<li><i class="fa fa-map-marker"></i>MARIANI ABITARE OGGI | c.so Massimo D&#8217;Azeglio, 74 &#8211; IVREA</li>
<li><i class="fa fa-phone"></i>+39 340 785 7255</li>
<li><i class="fa fa-envelope"></i><a href="mailto:richieste@mobilimariani.it">richieste@mobilimariani.it</a></li>
<li><i class="fa fa-globe"></i><a href="https://www.mobilimariani.com">www.mobilimariani.it</a></li>
</ul>
<p>&nbsp;</p>
<h3 class="title-bg">HEURES D&#8217;OUVERTURE</h3>
<p><strong class="bianco">Du mardi au samedi:</strong></p>
<p>&nbsp;</p>
<p>09.00 &#8211; 12.30 / 15.00 &#8211; 19.00</p>
<p>Apprécier si vous anticiper le temps de votre visite au +39 340 785 7255 à avoir la meilleure réception</p>
<p><strong class="bianco">Fermé: </strong> Dimanche et lundi</p>
<p>&nbsp;</p>

Infos et estimations MARIANI ABITARE OGGI | c.so Massimo D&#8217;Azeglio, 74 &#8211; IVREA +39 340 785 7255 richieste@mobilimariani.it www.mobilimariani.it &nbsp; HEURES D&#8217;OUVERTURE Du mardi au samedi: &nbsp; 09.00 &#8211; 12.30 / 15.00 &#8211; 19.00 Apprécier si vous anticiper le temps de votre visite au +39 340 785 7255 à avoir la meilleure réception Fermé:  Dimanche&#8230; <a class="view-article" href="https://www.mobilimariani.com/fr/contacts/">Voir l&#8217;article</a>
